*s. Give z(x).
-17
Let h(s) be the third derivative of -s**5/60 - s**4/24 - s**3/6 + 5*s**2. Let n be h(-1). Let o(w) = -16*w - 7*w + 13*w + 1. What is o(n)?
11
Let u(b) = -2*b + 9. Let s be u(10). Let m = s - -11. Let n(d) = -2 - 5 + 1 - d**3 - d**2. Give n(m).
-6
Suppose 5 = -2*f - 5. Let c(s) = -s - 5. Let g be c(f). Suppose -2*v + 5*u - 25 = 0, g*u = u - 3. Let d(i) = 3*i + 7. What is d(v)?
-8
Let s(q) = -q**2 + 9*q - 6. Let a be s(9). Let p(t) = 2*t**2 + 5*t - 5. Determine p(a).
37
Let u(j) = j - 12. Suppose 3*k = -z - 5, -6*z + 15 = -z + 5*k. Give u(z).
-5
Let x(o) = o + 1. Let n be ((-1)/2)/(5/(-40)). Suppose 0 - 4 = n*q. Let g be x(q). Let l(p) = -p**3 + p**2 + 1. Calculate l(g).
1
Let t(w) be the first derivative of w**4/4 - 13*w**3/3 + 6*w - 7. Let r be t(13). Let s(l) = -3 - r*l**2 + 3*l + 23*l**2 - 14*l**2. What is s(2)?
15
Let g(v) = -5*v + 98. Let f be (-10)/(-2 - 15/(-10)). Let r be g(f). Let n(t) = 32*t - 5. Let q(x) = -11*x + 2. Let j(h) = -4*n(h) - 11*q(h). Determine j(r).
12
Let y(t) be the first derivative of 2*t**2 + 2*t + 159. Give y(-5).
-18
Suppose j + 3 = -0. Let t(i) = -9*i - 9. Let x(m) = 8*m + 8. Let u(y) = 5*t(y) + 6*x(y). Let a(f) = 2*f + 2. Let q(d) = j*u(d) + 5*a(d). Determine q(-4).
-3
Let x(y) = 3*y**3 + 13*y**2 + 2*y - 5. Let l(u) = -16*u**3 - 66*u**2 - 8*u + 25. Let b(w) = 2*l(w) + 11*x(w). Give b(-10).
35
Suppose h + 3 = -5*z + 14, 5*z - 3*h - 27 = 0. Let l = -3 + 3. Let x(b) = 1 + l*b + 3*b - 5*b + 3*b. Calculate x(z).
4
Let n(g) be the third derivative of -g**4/6 + 5*g**3/6 + 83*g**2. What is n(6)?
-19
Let x(m) = -8*m. Let p = -20 - -22. Suppose -p*z + 5*z = 6. Determine x(z).
-16
Let r = 72 + -57. Let p = -12 + r. Let q(k) = k**3 - 2*k**2 + k - 3. Give q(p).
9
Let f(d) be the first derivative of 9*d**4/4 + d**3/3 - d - 22. Determine f(1).
9
Let r be -1 - (1 + -4 + 7). Let t be 0/1 - 5/r. Let u(a) = -6*a**2 - 4*a + 2. Let z(i) = 3*i**2 + 2*i - 1. Let s(n) = -3*u(n) - 5*z(n). Calculate s(t).
4
Let g(r) = r**3 + r**2 - r - 2. Suppose -4*w + 0 = 4. Suppose -5*x - 19 = -4*f, 5*f - 11 = -2*x + 4*x. Let z = f + w. Calculate g(z).
-2
Suppose 5*i - m = 300, i + 4*m - 8*m - 41 = 0. Let x = i - 62. Let k(g) = -7*g + 1. Calculate k(x).
8
Let m(j) = -j**2 - 3*j + 17. Suppose -16 = x - 4*c - 21, -4*x + 4*c - 16 = 0. Calculate m(x).
-11
Let s(m) = m. Let l = -11 - 1. Let y be l/9*-1*6/(-4). Calculate s(y).
-2
Let u be (52/(-78))/((2/6)/(-1)). Let y(c) = c**2 - 2*c + 1. What is y(u)?
1
Let y(h) = -h**2 - 5. Let s(j) = 5*j**2 + 21. Let q(k) = -2*s(k) - 9*y(k). Let b be q(0). Let f(p) = -3*p**2 + p**2 + p**3 + 1 - 4. Determine f(b).
6
Let i be (-24)/(-36) - 4/(-3) - 9. Let u(k) = -2*k**2 - 9*k + 8. Give u(i).
-27
Let b = -203 + 213. Let s(j) = j - 16. What is s(b)?
-6
Let y(k) be the third derivative of k**6/120 + k**5/15 + 2*k**3/3 + 135*k**2. Give y(-5).
-21
Let y(g) be the third derivative of 1/15*g**5 + 0*g + 0 + 0*g**3 - 22*g**2 - 1/24*g**4 - 1/120*g**6. Calculate y(3).
6
Let q(t) = -t + t**3 + 34*t**2 + 30*t**2 - 1 - 71*t**2. What is q(7)?
-8
Let k(u) = 2*u + 1. Suppose 0 = -2*c + 2, -3*j - 12 = -0*c - 3*c. Let t(d) = d - 1. Let z(o) = j*t(o) + k(o). Let y be 1/4 + 42/(-8). Determine z(y).
9
Let z(l) be the first derivative of 2*l + 17 + 2/3*l**3 + l**2. Give z(-2).
6
Suppose 3*f + 16 = -s, f + s + 20 = -3*s. Let i(j) = -j**2 - 5*j - 4. Calculate i(f).
0
Suppose 20*k - 22*k = 12. Let i(q) = -4*q - 5. Let f(l) = 3*l + 5. Let a = -6 - -1. Let g(m) = a*f(m) - 4*i(m). Give g(k).
-11
Let q(f) be the second derivative of -1/6*f**4 - 6*f + 0 - f**2 + 1/20*f**5 + 1/3*f**3. Calculate q(2).
2
Let c(i) = i**2 - 10*i + 12. Suppose 71*x + 15 = 76*x. Let m be (4/6 - 1)/(x/(-72)). Determine c(m).
-4
Let k(v) = v**3 - 2*v**2 - v + 2. Let q be k(3). Let l(r) = 4 + r**2 - q*r + 12*r + 3 - 11*r. Give l(5).
-3
Suppose 2*x = x - 3. Let d be 1 - (1 + x - -1). Suppose 0 = -l - d*l. Let p(c) = c**2 + c - 6. Determine p(l).
-6
Let m(r) = -5 - 2*r + 1 - 9 + 10 + r**2. What is m(0)?
-3
Suppose -7*d + 4*d + 6 = 0. Let n(j) = 0*j**2 + j + 3*j**d - 2 - j**2. Let t(m) = m**3 + 8*m**2 + 6*m - 5. Let s be t(-7). Determine n(s).
8
Let q(a) = -23*a + 7. Let k(z) = -10*z + 3. Let b(l) = -7*k(l) + 3*q(l). What is b(10)?
10
Suppose q + 39 = 2*c, 4*c - 5*q - 84 = -q. Suppose 7*t - t = -c. Let h(v) = -5*v - 4. Give h(t).
11
Let c(h) = -2 - 2 + 1 + 4*h - h + h**2 + 0. Let z be 3/2*2*-1. Calculate c(z).
-3
Let l(f) = f**3 + 13*f**2 - 2*f - 30. Let z be 2*(0 + 39/(-6)). Let d be l(z). Let w(r) = r**3 + 2*r**2 - 6*r - 5. What is w(d)?
-13
Let f(b) = b. Suppose -3*n - 6*q + 3*q = 51, -5*n - q - 73 = 0. Calculate f(n).
-14
Let r(v) = v**2 - 13*v. Suppose -3*c + 158 = 119. What is r(c)?
0
Let i(v) be the third derivative of v**6/120 - 7*v**5/60 + v**4/12 - 4*v**3/3 - 2*v**2. Let q be (3 + (2 - -2))*2/2. Calculate i(q).
6
Let b(q) = -4*q - 26. Suppose 364 - 328 = -6*y. Determine b(y).
-2
Let d(v) be the first derivative of v**6/120 + 2*v**5/15 + 7*v**4/24 + 8*v**2 - 4. Let y(r) be the second derivative of d(r). Determine y(-7).
0
Suppose 2 = -5*a - 4*i, -2*a + i + 7 = -0*a. Let m(w) = 6*w**3 + 2*w**2 - 9*w - 5. Let q(r) = 5*r**3 + r**2 - 7*r - 4. Let n(u) = -3*m(u) + 4*q(u). Give n(a).
5
Let u(s) = s**3 + 2*s**2 - 34*s - 2. Let f be u(-7). Let k(l) = l**2 + 9*l - 6. Determine k(f).
-6
Let k be ((-1)/(-6)*3)/1*-2. Suppose -4*f = -2 - 2. Let y(j) = 2*j - 2*j**2 + 0*j + 5*j**2 + f. Determine y(k).
2
Suppose -15 = -u + 39. Let d(g) = -g - 5*g + u - g**2 - 59. What is d(-5)?
0
Suppose -7*u = -10*u. Let l(n) = -n**3 + n - 10. Calculate l(u).
-10
Suppose -83 = 5*r - 93. Let m(v) = -14*v**2 + 13*v**2 + 0 + 2 - 3*v**3 + 4*v**3. What is m(r)?
6
Suppose -9*v = -12*v + 15. Suppose -2*g - 8 = -2*b, -4*b - 12 = v*g + 17. Let c = -1 + b. Let l(h) = 2*h + 1. Calculate l(c).
-3
Let x(c) be the second derivative of -c**3/6 + c**2 + 2*c. Suppose -4*n + 48 = -n. Let y = n - 16. Calculate x(y).
2
Let k(a) = 2317 - 2317 - 2*a. Let d be 658/42 + (-1)/(-3). Let x = d - 19. Calculate k(x).
6
Let q(b) = -b**2 + 6*b + 1. Suppose -2*k = 4*y - 10, -3*y + 25 = -2*y + 5*k. Let m(t) = -2*t**2 + 5*t**2 + 5 - 4*t**2. Let c be m(y). Give q(c).
6
Let i(k) = -2*k - 35. Let v(g) be the first derivative of g**2/2 + 18*g - 20. Let s(f) = -3*i(f) - 5*v(f). What is s(0)?
15
Let d be (1/2)/(((-5)/((-40)/(-12)))/(-3)). Let h(a) be the third derivative of a**6/40 - a**5/60 + a**4/12 - a**3/6 - a**2. Calculate h(d).
3
Let q(u) be the second derivative of u**6/120 + u**5/12 - 5*u**4/24 + 7*u**3/6 + 5*u**2 - 31*u. Let w(l) be the first derivative of q(l). Determine w(-6).
1
Let l(y) be the second derivative of y**7/840 + y**6/360 + y**5/120 + 3*y**4/4 - 11*y**3/3 + 30*y. Let f(s) be the second derivative of l(s). What is f(0)?
18
Let x = 121 + -112. Let d(k) = -3*k - 10. Let o(g) = 7*g + 20. Let r = 8 + -4. Let f(w) = r*o(w) + x*d(w). Give f(5).
-5
Let o(z) = -5*z. Let f be o(-1). Let l(s) = 3*s - 12. Let a be l(6). Let u(v) = -3*v - v + 4 - 3 + v**2 - a. Give u(f).
0
Let r(o) = 20*o**3 - o + 1. Let i be r(-1). Let d(n) = n**3 + 19*n**2 + 20*n + 27. Give d(i).
-9
Let d(h) = h**3 - 3*h**2 + 3*h - 2. Let c = 37 - 34. Let a be 32/12*c/4. What is d(a)?
0
Let i be 19*3/12 - 2/(-8). Let b(y) be the first derivative of -y**3/6 + 3*y**2/2 + 2*y + 2. Let q(t) be the first derivative of b(t). Calculate q(i).
-2
Let i(a) = -a**2 - 3*a. Let p be (3/(18/(-48)))/2. Determine i(p).
-4
Let a be (-4)/(-1) + (20 - 23) - -23. Let f = -12 + a. Let c(j) = -j**3 + 11*j**2 + 14*j - 15. Determine c(f).
9
Let u(x) = x**2 + 2*x - 4. Suppose -5*f - q - 3 = 0, -4 + 16 = -4*f - 4*q. Suppose f = -8*n - 20 - 12. Give u(n).
4
Let o(s) = -3*s + 19. Let d(p) = -2*p**2 - 6*p + 16. Let u be d(-4). What is o(u)?
-5
Let a(k) = -k**2 + 5*k + 1. Let i be a(5). Let h(b) = 4*b**2 - b. Calculate h(i).
3
Let i(x) = -4*x**2 - 6*x + 5*x**2 - 11 + 13 - 3*x**2. Calculate i(-5).
-18
Suppose -3*m - 21 = -3*r - 0*m, -25 = -4*r + 3*m. Suppose 27 = 4*a + 5*n, r*n + 1 = -3. Let c = a + -7. Let b(q) = 9*q**3 + q**2 - q. What is b(c)?
9
Suppose 22 = -z + 5*c, 0*z + 3*z + 3*c = 24. Let i be (4 - 4)*z/9. Suppose i = -2*n + t - 3 + 1, 0 = -5*n - 2*t - 14. Let f(w) = w**2 + 2. Determine f(n).
6
Let y(p) = 2*p**2 + 2*p - 4. Let w(c) = 41*c + 240. Let n be w(-6). Wh